{"id":45,"date":"2016-08-22T12:57:45","date_gmt":"2016-08-22T10:57:45","guid":{"rendered":"http:\/\/wp.laternavox.com\/?page_id=45"},"modified":"2022-11-28T23:12:23","modified_gmt":"2022-11-28T22:12:23","slug":"om-oss","status":"publish","type":"page","link":"https:\/\/www.laternavox.com\/index.php\/om-oss\/","title":{"rendered":""},"content":{"rendered":"<div id=\"fb-root\"><\/div>\n<div><img loading=\"lazy\" decoding=\"async\" class=\"aligncenter wp-image-1010 size-large\" src=\"https:\/\/www.laternavox.com\/wp-content\/uploads\/2016\/09\/hav-1024x332.jpg\" alt=\"hav\" width=\"740\" height=\"240\" srcset=\"https:\/\/www.laternavox.com\/wp-content\/uploads\/2016\/09\/hav-1024x332.jpg 1024w, https:\/\/www.laternavox.com\/wp-content\/uploads\/2016\/09\/hav-300x97.jpg 300w, https:\/\/www.laternavox.com\/wp-content\/uploads\/2016\/09\/hav-768x249.jpg 768w, https:\/\/www.laternavox.com\/wp-content\/uploads\/2016\/09\/hav-1440x467.jpg 1440w\" sizes=\"auto, (max-width: 740px) 100vw, 740px\" \/><\/div>\n<div><\/div>\n<p><!--more--><\/p>\n<p>Laterna Vox \u00e4r ett f\u00f6retag som etablerades \u00e5r 2012 p\u00e5 Norges sydspets.<\/p>\n<p>F\u00f6retaget drivs av Anette Rattfelt. Hon har arbetat som radiojournalist och programledare p\u00e5 Sveriges Radio i tio \u00e5r och som etnolog och projektledare p\u00e5 museer i Sverige. I Norge har hon varit anst\u00e4lld av friluftsr\u00e5d, f\u00f6rutom egen n\u00e4ringsverksamhet. Hon \u00e4r utbildad etnolog och arkivarie. J\u00f8rn Gabrielsen \u00e4r programmerare i Laterna Vox AS. Han knackar kod som\u00a0f\u00e5.<\/p>\n<p><img loading=\"lazy\" decoding=\"async\" class=\"aligncenter wp-image-539 size-large\" src=\"http:\/\/wp.laternavox.com\/wp-content\/uploads\/2016\/08\/an1ojorn2-1024x422.png\" alt=\"an1ojorn2\" width=\"740\" height=\"305\" srcset=\"https:\/\/www.laternavox.com\/wp-content\/uploads\/2016\/08\/an1ojorn2-1024x422.png 1024w, https:\/\/www.laternavox.com\/wp-content\/uploads\/2016\/08\/an1ojorn2-300x124.png 300w, https:\/\/www.laternavox.com\/wp-content\/uploads\/2016\/08\/an1ojorn2-768x316.png 768w, https:\/\/www.laternavox.com\/wp-content\/uploads\/2016\/08\/an1ojorn2-1440x593.png 1440w, https:\/\/www.laternavox.com\/wp-content\/uploads\/2016\/08\/an1ojorn2.png 1676w\" sizes=\"auto, (max-width: 740px) 100vw, 740px\" \/><br \/>\nLaterna Vox har byggt upp\u00a0ett n\u00e4tverk av kompetens fr\u00e5n flera l\u00e4nder. Vi samarbetar med \u00f6vers\u00e4ttare, kartproducenter, andra medieproducenter, trykkerier och programmerare.<\/p>\n<p><a href=\"mailto:laternavox@laternavox.com\"><img loading=\"lazy\" decoding=\"async\" class=\"aligncenter wp-image-997\" src=\"https:\/\/www.laternavox.com\/wp-content\/uploads\/2016\/09\/brevbild-e1473150413865-300x205.png\" alt=\"brevbild\" width=\"82\" height=\"56\" srcset=\"https:\/\/www.laternavox.com\/wp-content\/uploads\/2016\/09\/brevbild-e1473150413865-300x205.png 300w, https:\/\/www.laternavox.com\/wp-content\/uploads\/2016\/09\/brevbild-e1473150413865-768x526.png 768w, https:\/\/www.laternavox.com\/wp-content\/uploads\/2016\/09\/brevbild-e1473150413865.png 805w\" sizes=\"auto, (max-width: 82px) 100vw, 82px\" \/><\/a><\/p>\n<p style=\"text-align: center;\"><strong>Kontakta oss g\u00e4rna: <\/strong><\/p>\n<p style=\"text-align: center;\"><strong>laternavox@laternavox.com<\/strong><\/p>\n<p><img loading=\"lazy\" decoding=\"async\" class=\"aligncenter wp-image-1000\" src=\"https:\/\/www.laternavox.com\/wp-content\/uploads\/2016\/08\/kontakt-272x300.jpg\" alt=\"kontakt\" width=\"102\" height=\"112\" srcset=\"https:\/\/www.laternavox.com\/wp-content\/uploads\/2016\/08\/kontakt-272x300.jpg 272w, https:\/\/www.laternavox.com\/wp-content\/uploads\/2016\/08\/kontakt-768x846.jpg 768w, https:\/\/www.laternavox.com\/wp-content\/uploads\/2016\/08\/kontakt-930x1024.jpg 930w, https:\/\/www.laternavox.com\/wp-content\/uploads\/2016\/08\/kontakt-1440x1586.jpg 1440w\" sizes=\"auto, (max-width: 102px) 100vw, 102px\" \/><\/p>\n<p><center><a href=\"https:\/\/www.instagram.com\/laternavox\/\"><img loading=\"lazy\" decoding=\"async\" class=\"aligncenter wp-image-474\" src=\"http:\/\/wp.laternavox.com\/wp-content\/uploads\/2016\/08\/instaknapp-1024x319.jpg\" alt=\"instaknapp\" width=\"322\" height=\"100\" srcset=\"https:\/\/www.laternavox.com\/wp-content\/uploads\/2016\/08\/instaknapp-1024x319.jpg 1024w, https:\/\/www.laternavox.com\/wp-content\/uploads\/2016\/08\/instaknapp-300x93.jpg 300w, https:\/\/www.laternavox.com\/wp-content\/uploads\/2016\/08\/instaknapp-768x239.jpg 768w, https:\/\/www.laternavox.com\/wp-content\/uploads\/2016\/08\/instaknapp.jpg 1138w\" sizes=\"auto, (max-width: 322px) 100vw, 322px\" \/><\/a><\/center><\/p>\n<p><a href=\"https:\/\/www.facebook.com\/LATERNAVOX\/\"><img loading=\"lazy\" decoding=\"async\" class=\"aligncenter wp-image-486\" src=\"https:\/\/www.laternavox.com\/wp-content\/uploads\/2016\/08\/38199-150x150.png\" alt=\"38199\" width=\"54\" height=\"55\" srcset=\"https:\/\/www.laternavox.com\/wp-content\/uploads\/2016\/08\/38199-150x150.png 150w, https:\/\/www.laternavox.com\/wp-content\/uploads\/2016\/08\/38199.png 250w\" sizes=\"auto, (max-width: 54px) 100vw, 54px\" \/><\/a><\/p>\n<p><a href=\"https:\/\/twitter.com\/laternavox\"><img loading=\"lazy\" decoding=\"async\" class=\"aligncenter wp-image-487\" src=\"https:\/\/www.laternavox.com\/wp-content\/uploads\/2016\/08\/Skjermbilde-2016-08-30-kl.-18.28.55-150x136.png\" alt=\"twitter\" width=\"91\" height=\"72\" \/><\/a><\/p>\n","protected":false},"excerpt":{"rendered":"","protected":false},"author":2,"featured_media":0,"parent":0,"menu_order":0,"comment_status":"closed","ping_status":"closed","template":"","meta":{"_uag_custom_page_level_css":"","site-sidebar-layout":"default","site-content-layout":"","ast-site-content-layout":"default","site-content-style":"default","site-sidebar-style":"default","ast-global-header-display":"","ast-banner-title-visibility":"","ast-main-header-display":"","ast-hfb-above-header-display":"","ast-hfb-below-header-display":"","ast-hfb-mobile-header-display":"","site-post-title":"","ast-breadcrumbs-content":"","ast-featured-img":"","footer-sml-layout":"","ast-disable-related-posts":"","theme-transparent-header-meta":"","adv-header-id-meta":"","stick-header-meta":"","header-above-stick-meta":"","header-main-stick-meta":"","header-below-stick-meta":"","astra-migrate-meta-layouts":"default","ast-page-background-enabled":"default","ast-page-background-meta":{"desktop":{"background-color":"var(--ast-global-color-4)","background-image":"","background-repeat":"repeat","background-position":"center center","background-size":"auto","background-attachment":"scroll","background-type":"","background-media":"","overlay-type":"","overlay-color":"","overlay-opacity":"","overlay-gradient":""},"tablet":{"background-color":"","background-image":"","background-repeat":"repeat","background-position":"center center","background-size":"auto","background-attachment":"scroll","background-type":"","background-media":"","overlay-type":"","overlay-color":"","overlay-opacity":"","overlay-gradient":""},"mobile":{"background-color":"","background-image":"","background-repeat":"repeat","background-position":"center center","background-size":"auto","background-attachment":"scroll","background-type":"","background-media":"","overlay-type":"","overlay-color":"","overlay-opacity":"","overlay-gradient":""}},"ast-content-background-meta":{"desktop":{"background-color":"var(--ast-global-color-5)","background-image":"","background-repeat":"repeat","background-position":"center center","background-size":"auto","background-attachment":"scroll","background-type":"","background-media":"","overlay-type":"","overlay-color":"","overlay-opacity":"","overlay-gradient":""},"tablet":{"background-color":"var(--ast-global-color-5)","background-image":"","background-repeat":"repeat","background-position":"center center","background-size":"auto","background-attachment":"scroll","background-type":"","background-media":"","overlay-type":"","overlay-color":"","overlay-opacity":"","overlay-gradient":""},"mobile":{"background-color":"var(--ast-global-color-5)","background-image":"","background-repeat":"repeat","background-position":"center center","background-size":"auto","background-attachment":"scroll","background-type":"","background-media":"","overlay-type":"","overlay-color":"","overlay-opacity":"","overlay-gradient":""}},"footnotes":""},"class_list":["post-45","page","type-page","status-publish","hentry"],"uagb_featured_image_src":{"full":false,"thumbnail":false,"medium":false,"medium_large":false,"large":false,"1536x1536":false,"2048x2048":false},"uagb_author_info":{"display_name":"Anette Rattfelt","author_link":"https:\/\/www.laternavox.com\/index.php\/author\/anra\/"},"uagb_comment_info":0,"uagb_excerpt":null,"_links":{"self":[{"href":"https:\/\/www.laternavox.com\/index.php\/wp-json\/wp\/v2\/pages\/45","targetHints":{"allow":["GET"]}}],"collection":[{"href":"https:\/\/www.laternavox.com\/index.php\/wp-json\/wp\/v2\/pages"}],"about":[{"href":"https:\/\/www.laternavox.com\/index.php\/wp-json\/wp\/v2\/types\/page"}],"author":[{"embeddable":true,"href":"https:\/\/www.laternavox.com\/index.php\/wp-json\/wp\/v2\/users\/2"}],"replies":[{"embeddable":true,"href":"https:\/\/www.laternavox.com\/index.php\/wp-json\/wp\/v2\/comments?post=45"}],"version-history":[{"count":193,"href":"https:\/\/www.laternavox.com\/index.php\/wp-json\/wp\/v2\/pages\/45\/revisions"}],"predecessor-version":[{"id":1763,"href":"https:\/\/www.laternavox.com\/index.php\/wp-json\/wp\/v2\/pages\/45\/revisions\/1763"}],"wp:attachment":[{"href":"https:\/\/www.laternavox.com\/index.php\/wp-json\/wp\/v2\/media?parent=45"}],"curies":[{"name":"wp","href":"https:\/\/api.w.org\/{rel}","templated":true}]}}